t o = q - -25. What is the remainder when 29 is divided by o?
13
Suppose 32 = v - 5*z + 7, z + 117 = 3*v. Suppose -20 = -5*k, p + 4*k = -3*p + v. Calculate the remainder when 22 is divided by p.
4
Suppose -4*u - 4*d + 99 = d, -5*u + 2*d = -165. What is the remainder when 91 is divided by u?
29
Let b = -7 - -7. Let a = -2 - -2. Suppose -2*w = -4*f + 78, f + w + a*w - 18 = b. Calculate the remainder when 36 is divided by f.
17
Suppose 7*q = 5*q. Let u = q - -11. Calculate the remainder when 43 is divided by u.
10
What is the remainder when 16 + 0 - 18/(-9) is divided by 11?
7
Let y(l) = -3*l. Suppose 4*r = 5*g - 3, 4 = -4*r + 2*g - 2. Calculate the remainder when y(r) is divided by 4.
2
Let t be ((-3)/(-2))/(3/(-16)). Let r = 11 - 5. Let f = r - t. Calculate the remainder when f is divided by 8.
6
Let h(v) = v - 1. What is the remainder when 0 - 2 - -1*15 is divided by h(6)?
3
Suppose -2*v + 90 = -2*l, 3*v + 2*l - 104 = 41. What is the remainder when v is divided by 12?
11
Let m(y) = 3*y**2 - 9*y + 4. Suppose 0 = -5*d + 5, -4*d + 22 = 2*z - 0*d. Calculate the remainder when m(4) is divided by z.
7
Let t = 21 - 11. Suppose -z + 31 = 2*z + w, 2*w + t = 0. Calculate the remainder when 23 is divided by z.
11
Suppose -3*f - 5*g + 124 = 0, -6*g = f - 2*g - 53. What is the remainder when f is divided by 12?
9
Suppose -5*j - 5*i + 86 = 1, -2*j = -3*i - 59. What is the remainder when j is divided by 8?
6
Let i = -262 + 263. Let u = 4 + -2. What is the remainder when u is divided by i?
0
What is the remainder when (-588)/(-16) + 6/(-8) is divided by 20?
16
Let k = 26 + 6. What is the remainder when 94 is divided by k?
30
Suppose -25 = 5*x, 0 = 2*s - 0*s - 4*x - 64. Calculate the remainder when 85 is divided by s.
19
Let w(u) = 2*u**3 + u**2 + 2*u - 3. Let a(i) = -i**2 + 11*i - 7. Suppose 0 = r + 4*r - 45. Calculate the remainder when w(2) is divided by a(r).
10
Suppose -9 = -4*q + 4*t + 7, -3*q - 5*t = 4. Suppose 0*u - 2 = u. What is the remainder when 12/(-6)*5/u is divided by q?
1
Let i = 19 - 0. Let w(t) = t + 5. Let p be w(-3). Suppose 3*l - n = 4*n + 47, 3*l + p*n - i = 0. Calculate the remainder when 26 is divided by l.
8
Suppose g = 4*j - 12, 17 = -g + 3*j + 2*j. Let z = 12 - 9. What is the remainder when g is divided by z?
2
Suppose 3*h - 3 = -2*j - 2*j, 5*j - 4 = -4*h. Let b = 3 - j. Calculate the remainder when 7 is divided by b.
1
Let c = -12 + 23. Calculate the remainder when 30 is divided by c.
8
Let t(o) = -o**3 + 19*o**2 - 12*o - 22. Calculate the remainder when t(18) is divided by 29.
28
Suppose 50 = 4*z + 2*q, -3*z + 8*z - 30 = 4*q. Let m = z + 3. Calculate the remainder when m is divided by 8.
5
Let k = -48 + 71. Let s be (18/(-4))/((-6)/8). Let w = s + 6. Calculate the remainder when k is divided by w.
11
Let j = 14 - -3. What is the remainder when j is divided by (-1)/(-4) - (-70)/8?
8
Let w(s) = 4*s - 7. Let x be w(10). Suppose j + x = 2*j. Calculate the remainder when j is divided by 9.
6
Let i(f) = -4*f + 2. Let b = -75 - -142. What is the remainder when b - (3 + (-2 - 3)) is divided by i(-4)?
15
Let q(h) = -h + 9. Let d be q(14). Let b(v) = v**3 + 6*v**2. What is the remainder when b(d) is divided by 13?
12
Let z = -9 + 16. Suppose -z*v + 3*v + 36 = 0. What is the remainder when 15 is divided by v?
6
Let j(s) = -2*s**3 + 2*s**2 + s. Let f = -6 + 13. Calculate the remainder when f is divided by j(-1).
1
Let a(f) = 18*f**3 - f**2 + f - 1. Let p(w) = w**3 + 12*w**2 - 7*w - 18. Calculate the remainder when p(-12) is divided by a(1).
15
Suppose -2 = w - 16. What is the remainder when w is divided by (5 - 7)/((-2)/8)?
6
Let b(a) = -a**2 + 11*a - 17. What is the remainder when 26 is divided by b(8)?
5
Let r = 74 + -35. What is the remainder when r is divided by 7?
4
Let a be 5*(-3 + -1 + 1). Let m be (a/9)/((-2)/(-12)). Calculate the remainder when 24 is divided by (-9)/(-3) - m - 0.
11
Let m = -117 - -124. Suppose 0 = -2*t - 3*s + 16, 0 = 3*t + 4*s - 14 - 9. Suppose t*d = -5 + 20. What is the remainder when m is divided by d?
1
Let o(f) = 0*f**3 - f**3 - 1 - 5*f - 1 + 2*f**2. Calculate the remainder when o(-3) is divided by (60/(-14))/((-216)/1008).
18
Suppose -t + 60 = 4*s, -4*s + 3*t = -9*s + 75. Let u(f) = 2*f**2 - 2*f + 4. Calculate the remainder when u(4) is divided by s.
13
Let r = 52 + -30. What is the remainder when r is divided by 12?
10
Calculate the remainder when -5*-1*(-2 - -9) is divided by 8.
3
Let l = 203 + -143. Let b = l - 33. Calculate the remainder when b is divided by 15.
12
Let g(w) = w**2 - 7*w - 15. What is the remainder when g(-6) is divided by (2 + 1)*(8 + 3)?
30
Suppose -3*q + 0*x + 62 = 2*x, 3*q - 63 = -3*x. Calculate the remainder when 159 is divided by q.
19
What is the remainder when 34 is divided by 28/10*10/4?
6
Suppose -5*b - 53 = -18. Let s(n) = n**3 + 6*n**2 - 5*n + 6. Let j be s(b). Let q(g) = g**2 + 8*g + 7. Calculate the remainder when q(j) is divided by 2.
1
Let r = 11 + -7. Let o = 14 - r. What is the remainder when 28 is divided by o?
8
Let w(l) = l**3 - 6*l**2 + 3*l - 7. Let c(u) be the second derivative of 7*u**3/6 + 2*u**2 + 3*u. Calculate the remainder when c(4) is divided by w(6).
10
Suppose 0 = -5*t + 15, -2*t = -2*d + 54. What is the remainder when d is divided by 11?
8
Let i = 9 + 0. Let s(q) = -q**2 + 13*q - 10. Let n be s(12). Let j(r) = 2*r**3 - 4*r**2 + 2*r + 1. Calculate the remainder when i is divided by j(n).
4
Let c(q) = -q + 1. Let h be c(3). What is the remainder when (-3 + 5)/h - -62 is divided by 16?
13
Let l(n) = -3*n + 0*n + 8*n**2 - 9 - 7*n**2. Let w = 22 - 6. Calculate the remainder when l(10) is divided by w.
13
Let v be 2/(-8) - 267/(-12). Suppose -6*j + 62 = -3*j + i, -i - v = -j. What is the remainder when j is divided by (-26)/(-2) + 1 + -2?
9
Suppose -d + i = 3*d - 28, -5*i + 28 = d. Suppose 2*k + 7*q - 5 = 2*q, 0 = -2*k + 2*q + 12. What is the remainder when d is divided by k?
3
Suppose 2*h - 100 = -2*h. Calculate the remainder when 95 is divided by h.
20
Let q be 214/9 + (-8)/(-36). Suppose 0*d - 4*d = -q. What is the remainder when 16 is divided by d?
4
Let f be 2/(4*(-1)/(-10)). Suppose -24 = 4*q + 5*x, 2*q + f*x = 3*q - 19. Calculate the remainder when 9 is divided by -2 + 0 + (-7)/q.
4
Suppose g + 96 = 5*g + 4*r, 0 = -g - 3*r + 18. What is the remainder when 51 is divided by g?
24
Let d be (-6)/(-9)*(-297)/(-6). What is the remainder when 43 is divided by -3*d/(-9)*2?
21
Let t(d) = 3*d**2 + 2*d - 1. What is the remainder when t(-3) is divided by 7?
6
Let r(b) = 3*b**2 + 4*b - 1. Let h(c) = -4*c - 1. What is the remainder when h(-17) is divided by r(-3)?
11
Let f = -12 - -25. Suppose -f = -3*o + 2. Let d(n) = n**2 + 5*n + 3. What is the remainder when o is divided by d(-5)?
2
Let u = -17 - -18. Suppose -19 = -2*h - u. What is the remainder when 17 is divided by h?
8
Suppose -5*u + 16 = -9. Let m(o) = -o + 2. Let z be m(0). Suppose z = 3*s - 22. What is the remainder when s is divided by u?
3
Suppose -x = -4*x - 2*i + 118, 5*x = i + 188. Suppose 21*z - 9*z - 120 = 0. Calculate the remainder when x is divided by z.
8
Let r(a) = 7*a + 1. Calculate the remainder when r(5) is divided by 13.
10
Let f(l) = -l**3 + 11*l**2 - 10*l + 2. Calculate the remainder when f(10) is divided by (-1)/(1 + -2 + 0).
0
Let d be -3*((-10)/6)/1. Suppose -4*s = -d*u + 55, 4*u + 3*s - 22 = 2*u. What is the remainder when u is divided by 4?
3
Let r(s) = s**2 + 2*s. Let p be r(-3). Suppose -2 = p*x + 7, -4*m = -3*x - 65. What is the remainder when 54 is divided by m?
12
Let w(q) = q**2 + 2*q + 41. Suppose 4*o + 0*o = 4*g - 28, -4*g = -2*o - 36. Calculate the remainder when w(0) is divided by g.
8
Let i(b) = 2*b - 5. Let x(j) = j**3 + 8*j**2 + 7*j + 6. Let z be x(-7). What is the remainder when 2/(-2*2/(-38)) is divided by i(z)?
5
Suppose m - 3*i - 36 = 0, 0*i = 2*m - 4*i - 66. Calculate the remainder when m is divided by 10.
7
Let k = 5 + 9. Let y be (24/(-18))/(2/36). Let c = y - -28. What is the remainder when k is divided by c?
2
Let s(h) = 7*h**3 + 3*h**2 - 3*h + 1. What is the remainder when 30 is divided by s(1)?
6
Suppose -4*n = -150 - 158. Calculate the remainder when n is divided by 26.
25
Let p(u) = u - 2. Let f be p(8). Calculate the remainder when 36 is divided by ((-14)/f +